posite?
False
Is 360779 composite?
False
Is 30427 prime?
True
Is 170161 prime?
False
Is 16873 composite?
True
Is 10663 prime?
True
Is 76522 composite?
True
Is 4069 a prime number?
False
Is 22009 a composite number?
True
Is 102953 composite?
False
Is 4987 composite?
False
Is 52237 a composite number?
False
Is 113189 prime?
True
Is 50359 a prime number?
True
Is 6131 composite?
False
Is 63605 a prime number?
False
Is 45751 a prime number?
True
Is 845753 a composite number?
False
Is 122495 a composite number?
True
Is 10061 composite?
False
Is 26147 a composite number?
True
Is 157531 a composite number?
True
Is 853801 prime?
False
Is 34233 a prime number?
False
Is 22487 a composite number?
True
Is 624731 prime?
True
Is 7961 composite?
True
Is 558757 composite?
False
Is 765853 prime?
False
Is 919 composite?
False
Is 96113 prime?
False
Is 30403 prime?
True
Is 28963 prime?
False
Is 321799 a prime number?
True
Is 158495 a prime number?
False
Is 12373 composite?
False
Is 1159 a prime number?
False
Is 5737 a composite number?
False
Is 19587 prime?
False
Is 362281 composite?
False
Is 1559 a composite number?
False
Is 121523 a composite number?
False
Is 290351 a prime number?
True
Is 234614 prime?
False
Is 8813 a composite number?
True
Is 79435 a composite number?
True
Is 44851 a prime number?
True
Is 1111 composite?
True
Is 32641 a composite number?
True
Is 7789 composite?
False
Is 1643 a prime number?
False
Is 6739 composite?
True
Is 21647 a prime number?
True
Is 84263 a prime number?
True
Is 578257 composite?
True
Is 7001 a prime number?
True
Is 172621 composite?
True
Is 29519 a prime number?
False
Is 148853 composite?
False
Is 3977 a composite number?
True
Is 12131 a composite number?
True
Is 521 prime?
True
Is 12193 prime?
False
Is 46261 a prime number?
True
Is 107187 a composite number?
True
Is 12743 prime?
True
Is 1556921 a prime number?
False
Is 461917 prime?
True
Is 96137 a composite number?
False
Is 11197 a composite number?
False
Is 2665079 prime?
False
Is 131861 composite?
False
Is 427417 prime?
True
Is 145121 composite?
False
Is 48799 prime?
True
Is 4871 prime?
True
Is 279313 composite?
True
Is 630755 a prime number?
False
Is 5581 a prime number?
True
Is 537083 a composite number?
True
Is 1788019 a composite number?
True
Is 21683 prime?
True
Is 1736221 a composite number?
False
Is 1021495 composite?
True
Is 725039 composite?
True
Is 8923 prime?
True
Is 1253 composite?
True
Is 29243 a composite number?
False
Is 447623 composite?
True
Is 46651 a composite number?
True
Is 352679 composite?
True
Is 499846 prime?
False
Is 386963 a composite number?
False
Is 14513 a prime number?
False
Is 30341 a composite number?
False
Is 5847 a prime number?
False
Is 36191 prime?
True
Is 1252889 a composite number?
True
Is 34053 a prime number?
False
Is 158309 a prime number?
False
Is 25939 a prime number?
True
Is 22531 a composite number?
False
Is 21361 prime?
False
Is 34667 a composite number?
False
Is 41631 a composite number?
True
Is 2515 composite?
True
Is 11863 composite?
False
Is 234538 a composite number?
True
Is 139267 a composite number?
False
Is 3139 a composite number?
True
Is 49015 prime?
False
Is 40462 a prime number?
False
Is 11470297 prime?
True
Is 51629 prime?
False
Is 1101 composite?
True
Is 51187 a prime number?
False
Is 418777 a prime number?
False
Is 66293 a prime number?
True
Is 401041 composite?
True
Is 24953 composite?
False
Is 217157 a composite number?
False
Is 129917 composite?
False
Is 58567 composite?
False
Is 2017 a composite number?
False
Is 2321581 a prime number?
False
Is 13303 a prime number?
False
Is 1313237 composite?
False
Is 3247 a prime number?
False
Is 127 a prime number?
True
Is 1201 a composite number?
False
Is 30329 prime?
False
Is 631 a prime number?
True
Is 1923 composite?
True
Is 4621 composite?
False
Is 60999 prime?
False
Is 1722485 prime?
False
Is 4759 prime?
True
Is 24307 prime?
False
Is 129169 a prime number?
True
Is 17902 composite?
True
Is 1135 a prime number?
False
Is 146735 a composite number?
True
Is 441029 a composite number?
False
Is 635 composite?
True
Is 13367 a prime number?
True
Is 3141319 a prime number?
True
Is 1219 a composite number?
True
Is 31981 a prime number?
True
Is 25807 a prime number?
False
Is 94151 a composite number?
False
Is 650231 a composite number?
True
Is 1255 prime?
False
Is 17971 composite?
False
Is 552187 a prime number?
False
Is 1117 a composite number?
False
Is 5079 prime?
False
Is 3143 composite?
True
Is 1084927 prime?
True
Is 2338807 composite?
True
Is 28697 prime?
True
Is 1717517 prime?
True
Is 557663 a composite number?
False
Is 26241 prime?
False
Is 205291 a composite number?
True
Is 48883 a composite number?
False
Is 17657 composite?
False
Is 42149 a composite number?
True
Is 149827 a prime number?
True
Is 3251 composite?
False
Is 72143 prime?
False
Is 63731 a prime number?
False
Is 17651 a composite number?
True
Is 1361 prime?
True
Is 330883 prime?
False
Is 23453 a composite number?
True
Is 510013 composite?
True
Is 47233 prime?
False
Is 419 a prime number?
True
Is 853 a composite number?
False
Is 9799 a composite number?
True
Is 6739 a prime number?
False
Is 36071 composite?
True
Is 3613 prime?
True
Is 1085701 a composite number?
True
Is 128629 composite?
False
Is 12233 a composite number?
True
Is 126779 prime?
False
Is 85681 a prime number?
False
Is 137617 a prime number?
False
Is 146711 a composite number?
True
Is 27179 composite?
False
Is 10159 a prime number?
True
Is 5857 a composite number?
False
Is 7465 a prime number?
False
Is 6107 prime?
False
Is 709 composite?
False
Is 246581 prime?
False
Is 146453 composite?
True
Is 177677 a composite number?
False
Is 5849 a composite number?
False
Is 34885 a prime number?
False
Is 91177 a prime number?
False
Is 31469 a composite number?
False
Is 1181 a prime number?
True
Is 16183 composite?
False
Is 146123 a composite number?
True
Is 378313 composite?
True
Is 603257 prime?
True
Is 402959 prime?
False
Is 911801 a prime number?
False
Is 445271 a prime number?
True
Is 299033 prime?
False
Is 9157 prime?
True
Is 1060861 a composite number?
False
Is 29327 a prime number?
True
Is 612217 prime?
True
Is 1071623 a composite number?
True
Is 5701 a composite number?
False
Is 85349 composite?
True
Is 58013 a prime number?
True
Is 149407 composite?
True
Is 1073 prime?
False
Is 8843 prime?
False
Is 62273 a prime number?
True
Is 172129 prime?
False
Is 355477 prime?
False
Is 2701 a prime number?
False
Is 2939 prime?
True
Is 178881 a prime number?
False
Is 1657 composite?
False
Is 1706593 prime?
False
Is 3639 a prime number?
False
Is 1073 a composite number?
True
Is 126823 a prime number?
True
Is 11647 composite?
True
Is 187081 prime?
True
Is 85781 prime?
True
Is 139767 composite?
True
Is 52487 prime?
False
Is 1906 a prime number?
False
Is 23717 a composite number?
True
Is 56818 a prime number?
False
Is 16801 a composite number?
True
Is 224041 a prime number?
True
Is 83177 composite?
False
Is 33391 a composite number?
False
Is 277 a prime number?
True
Is 199 a prime number?
True
Is 114547 prime?
True
Is 9017 a composite number?
True
Is 403 prime?
False
Is 3739 prime?
True
Is 313473 a composite number?
True
Is 49835 composite?
True
Is 167701 a composite number?
True
Is 191413 prime?
True
Is 13171 composite?
False
Is 3147 a composite number?
True
Is 126923 prime?
True
Is 483347 a prime number?
True
Is 2429 a prime number?
False
Is 30117 prime?
False
Is 30713 composite?
False
Is 479 a composite number?
False
Is 7331 composite?
False
Is 943835 composite?
True
Is 89143 a prime number?
False
Is 144505 a composite number?
True
Is 631 a composite number?
False
Is 96479 a prime number?
True
Is 801769 a prime number?
False
Is 19549 a composite number?
True
Is 70729 a composite number?
False
Is 142931 a prime number?
False
Is 77021 a prime number?
False
Is 30769 prime?
False
Is 1559 a composite number?
False
Is 284629 a prime number?
False
Is 4283 composite?
False
Is 95383 a prime number?
True
Is 1317443 prime?
True
Is 1463443 a prime number?
False
Is 373 prime?
True
Is 81731 a composite number?
True
Is 116517 a prime number?
False
Is 54829 a composite number?
False
Is 63179 prime?
True
Is 6319 composite?
True
Is 66739 prime?
True
Is 4201 a composite n